 3*k. Suppose 0 = -3*t + 8*t - 275. What is the remainder when t is divided by k/(-18) + -2 + 2/9?
17
Let f = -16 + 23. Let r = -6 - -16. Let n = 22 - r. What is the remainder when n is divided by f?
5
Suppose 0 = -7*d + 175 + 14. Calculate the remainder when 6 + -3 - 208/(-2) is divided by d.
26
Let t = 245 + -140. Suppose 4*l - 44 - 61 = -5*c, -t = -5*c + 4*l. Calculate the remainder when ((-9 - -5) + -5)*-9 is divided by c.
18
Let d = -528 - -641. Calculate the remainder when d is divided by 29.
26
What is the remainder when 7048/144*3 + 2/12 is divided by 15?
12
Let r(f) = -f**3 - 3*f**2. Let y be r(-3). Suppose y = -2*a + 25 + 25. Calculate the remainder when a is divided by 9.
7
Suppose 0 = s - 5. Suppose s*w - 2*g - 48 = 0, -24 = -2*w - 2*w - 2*g. Suppose 0*u - w = -2*u. What is the remainder when 7 is divided by u?
3
Let u(o) = 4*o**2 - 11*o - 1. What is the remainder when 65 is divided by u(4)?
8
Calculate the remainder when 94 is divided by -42*((-60)/270)/((-4)/(-6)).
10
Let z = 74 + -50. Suppose -3*t + z = -0*t. What is the remainder when t is divided by 3?
2
Let b(f) = -f**3 + f**2 - 3*f + 179. Calculate the remainder when b(0) is divided by 12.
11
Suppose 153*w = 156*w - 285. Let u = w + -71. What is the remainder when u is divided by 14?
10
Suppose 2*d - 6*k = -11*k + 18, 4*d = -k + 36. Calculate the remainder when 12 is divided by 11 - ((-3)/(-4) + d/4).
4
Let c(u) = 14*u**2 - 107*u + 12. Calculate the remainder when 155 is divided by c(8).
51
Suppose -18*m - 9 = -405. Calculate the remainder when 878 is divided by m.
20
Let r = -380 - -423. Calculate the remainder when 168 is divided by r.
39
What is the remainder when 181*(-9)/99*-11 is divided by 5?
1
Let j be (6/(-10))/((-5)/25). Suppose -2*t + j = 27. Calculate the remainder when (45/t)/((-2)/16) is divided by 16.
14
Let x(n) = n**2 + 78*n + 125. Calculate the remainder when 67 is divided by x(-77).
19
Let g(b) be the first derivative of -b**4/4 - 23*b**3/3 - b**2 - 12*b - 4. What is the remainder when g(-23) is divided by 18?
16
Let z(m) = m + 25. Let b be z(-19). Suppose b*q = 3*q + 9. Suppose 0 = -3*k + 2*k + q*t - 2, 2*k - 26 = -4*t. Calculate the remainder when 40 is divided by k.
5
Let u = 78 + -116. Let h = u - -22. What is the remainder when 18 is divided by h/8*5/(-2)?
3
Let j(y) = 3*y**3 - 36*y**2 - 38*y + 24. Let l(o) = 5*o**2 + 2*o**3 - 7*o**3 + 4*o**3 - 3. Calculate the remainder when j(13) is divided by l(4).
11
Let t be (1 - 1/(-5))*5/2. Suppose 8 = -t*i + 68. Calculate the remainder when 37 is divided by i.
17
Suppose -2*s + c = -3*c - 624, -3*s + 3*c = -933. Suppose 15*z = 10*z - s. Let i = 89 + z. What is the remainder when i is divided by 6?
3
Let h = -26 - -70. Let o = 455 + -325. Calculate the remainder when o is divided by h.
42
Suppose 5*x = -5*q + 320, -4*q + 3*x = q - 344. Let v(h) = h**3 + 6*h**2 - 76*h - 424. Calculate the remainder when q is divided by v(-9).
16
Suppose -3*j + 71 = 5*g, 5*g - 5*j = 9*g - 49. What is the remainder when 60 is divided by g?
12
Let j = 1311 + -1213. What is the remainder when 375 is divided by j?
81
Suppose 4*k - 563 = 41*r - 46*r, 5*r = -2*k + 279. What is the remainder when 422 is divided by k?
138
Suppose 3*k - 2*k = 8. Suppose -i = -5*o - k, 0*o = -3*o. Calculate the remainder when 7*2/(2 + -1) is divided by i.
6
Let o = 22 - 21. What is the remainder when 72 is divided by o - (-1 + -13)*1?
12
Let f(x) = 5*x - 8. What is the remainder when 45 is divided by f(4)?
9
Suppose 5*r = 4*l - 92, 4*l - 2*l + 3*r = 68. Let v be 7*(-24)/l*1. Calculate the remainder when 50 is divided by v/(-9) - (-228)/9.
24
Suppose -8*u - 8*u + 160 = 0. Suppose 0 = -5*n + u*n - 60. Calculate the remainder when 22 is divided by n.
10
Let b(r) = -r**3 - 14*r**2 + 11*r + 26. Calculate the remainder when 174 is divided by b(-15).
2
Let c = 12 + 36. Let y = c - 68. Let k = 50 + y. Calculate the remainder when k is divided by 8.
6
What is the remainder when 490 is divided by 8/(-80)*0 + 99?
94
Suppose -4*s + 2*n + 1843 = 525, 2*n + 1648 = 5*s. Calculate the remainder when s is divided by 26.
18
Suppose -3*z = 18 + 48. Let k(c) = 5*c**2 + 17*c + 20. Calculate the remainder when (z - (0 - 0))/(-1) is divided by k(-2).
4
Suppose -5*q + 2*r + 346 = 0, 0 = 3*q - 6*r + 2*r - 202. What is the remainder when q is divided by 27?
16
Suppose 50*d + 74 = 51*d. Let k = d + -41. Suppose y - l = 13, -5 = y + 5*l + 6. Calculate the remainder when k is divided by y.
6
Suppose 4*j - 7 = 25. Let a = -63 - -26. Let f = a + 51. Calculate the remainder when f is divided by j.
6
Calculate the remainder when (-602)/(-9) + (-11)/(-99) is divided by 4.
3
Let p(n) = -7*n**2 + 91*n + 3. Calculate the remainder when p(11) is divided by 71.
15
Let a(s) be the second derivative of s**3/2 - 23*s**2/2 + 18*s. What is the remainder when a(20) is divided by 19?
18
Let k(f) = 3*f**2 + 5*f + 4. Let s be k(-1). Suppose 2*h + 16 = c - s*h, h = 0. Suppose 3*t - 305 = -2*t. Calculate the remainder when t is divided by c.
13
Let s be (-38)/(-8) + 10/40. Suppose 5*m - 4*r = 68 + 76, 3*r = s*m - 143. Calculate the remainder when 80 is divided by m.
24
What is the remainder when 444/2 - 2/(-1 + -1) is divided by 59?
46
Let u(y) = y - 15. Let n be u(17). Suppose 0 = 3*r - n*t - 23, -2*r - 5*t = 4 - 13. What is the remainder when 12 is divided by r?
5
Calculate the remainder when 124 is divided by 7/(-91) + 2020/65.
0
Let d(f) = 4*f**3 + 216*f**2 + 7. Calculate the remainder when 235 is divided by d(-54).
4
Let d(j) = 3*j**2 + 2*j - 3. Calculate the remainder when d(-3) is divided by (0/(-1) - (3 - 7)) + 1.
3
Suppose 0 = 4*t - 36 - 96. Let f = t - 22. Calculate the remainder when 41 is divided by f.
8
Let q be 2 - (68/(-16))/(1/56). Suppose 5*k + 5*v = 220, 0*k = -5*k + 5*v + q. Calculate the remainder when k is divided by 25.
21
Suppose -122 = -h - 5*w, 9*w = -2*h + 8*w + 244. What is the remainder when h is divided by 42?
38
Let j = -20 - -28. Let z be (1914/(-44))/((-3)/(-4) + 0). Calculate the remainder when (z/j)/(3/(-24)) is divided by 15.
13
Let g(z) = z**2 - z - 2. Let i be g(-2). Let x(l) = l**2 - 6*l + 8. Let o be x(i). Suppose o = 3*h + 60 - 165. What is the remainder when 138 is divided by h?
33
Suppose 3*z - c + 11 = 5*z, 2*c = 4*z - 42. What is the remainder when 148 is divided by (-1)/(-4) + (0 - (-134)/z)?
12
Let y(t) = 2*t + 1. Let l be (-2388)/(-20) + 6/(-15). Let c = -85 + l. Calculate the remainder when c is divided by y(4).
7
Let w(v) = v**2 - 7*v + 6. Let k be w(3). What is the remainder when k + 6 - (-16)/2 is divided by 4?
0
Suppose 43*f - 41*f - 210 = 5*c, f - c = 99. Calculate the remainder when 1138 is divided by f.
93
Let t = -10 + 52. Calculate the remainder when 70 is divided by 18/t + 390/21.
13
Suppose -2*m - 4 = 3*y + 3, 0 = -m - 4*y - 16. What is the remainder when 13 is divided by m?
1
Suppose 0*i + 10 = 2*i. Suppose 0 = i*k - 7*k + 10. Calculate the remainder when 62 is divided by (42/10 + 0)*k.
20
Suppose 5*i = 511 + 129. Suppose -x + 2*y - 4*y + 32 = 0, -4*x = 3*y - i. Calculate the remainder when 127 is divided by x.
31
Let p(v) = -10*v + 61. What is the remainder when 152 is divided by p(5)?
9
Suppose 7*f + 154 = -119. Let s = f - -52. What is the remainder when 51 is divided by s?
12
Let d(y) = 2*y + 28. Let o be d(-9). Let m = -10 + o. Let a(l) = 2*l + 22. Calculate the remainder when a(m) is divided by 8.
6
Suppose -3*k = 54 - 261. Calculate the remainder when k is divided by 15.
9
Suppose -36*t + 6396 = -2136. What is the remainder when t is divided by 30?
27
Let z = -2 + 22. Suppose s = z - 6. What is the remainder when 26 is divided by s?
12
Calculate the remainder when 503 is divided by 254/6 + 9/135*-5.
41
Let h(f) = 3*f**2 - 6*f + 3. Let j = 2161 - 2144. What is the remainder when h(5) is divided by j?
14
Suppose -10*c + 25*c = 630. Calculate the remainder when 167 is divided by c.
41
Suppose -603 - 1563 = -6*v. What is the remainder when v is divided by 26?
23
Let m(g) = 36*g**2 - g + 1. Let k be m(1). Suppose -4*z = -k - 24. Suppose -6*d - z = -3*d, 4*s - 218 = 2*d. Calculate the remainder when s is divided by 14.
10
Let z(u) = -u**2 - 13*u - 9. Let t be ((-3)/((-45)/10))/((-6)/81). What is the remainder when 103 is divided by z(t)?
22